{"id":4509,"date":"2025-11-09T11:35:58","date_gmt":"2025-11-09T10:35:58","guid":{"rendered":"https:\/\/irmina.art\/?page_id=4509"},"modified":"2025-11-23T11:34:06","modified_gmt":"2025-11-23T10:34:06","slug":"seiscientos-versos-a-rabena-y-trece-cartas-mas","status":"publish","type":"page","link":"https:\/\/irmina.art\/index.php\/seiscientos-versos-a-rabena-y-trece-cartas-mas\/","title":{"rendered":"Seiscientos versos a Rabena y trece cartas m\u00e1s"},"content":{"rendered":"\n<div style=\"height:25px\" aria-hidden=\"true\" class=\"wp-block-spacer\"><\/div>\n\n\n\n<h4 id=\"wp-block-themeisle-blocks-advanced-heading-352660e1\" class=\"wp-block-themeisle-blocks-advanced-heading wp-block-themeisle-blocks-advanced-heading-352660e1\"><strong>Fragmentos de los poemas<\/strong><\/h4>\n\n\n\n<p class=\"has-small-font-size\">(En m\u00f3viles, usando la orientaci\u00f3n vertical, los versos pueden quedar fraccionados. Por ello, es recomendable cambiar a la orientaci\u00f3n horizontal)<\/p>\n\n\n\n<div style=\"height:25px\" aria-hidden=\"true\" class=\"wp-block-spacer\"><\/div>\n\n\n\n<h5 id=\"wp-block-themeisle-blocks-advanced-heading-d9e54a9e\" class=\"wp-block-themeisle-blocks-advanced-heading wp-block-themeisle-blocks-advanced-heading-d9e54a9e\">Seiscientos versos a R\u00e1bena<\/h5>\n\n\n\n<p class=\"has-text-align-right has-small-font-size\">Acaso me maldigas\u2026<\/p>\n\n\n\n<p class=\"has-small-font-size\"><strong>I<\/strong><\/p>\n\n\n\n<p class=\"has-small-font-size\">Recuerda, R\u00e1bena, cuando me ofreciste<br>disfrutar del m\u00e1s delicioso y dulce vino,<br>ese mismo que en sus odas alabara Anacreonte.<\/p>\n\n\n\n<p class=\"has-small-font-size\">Recuerda que con la copa ya cerca de mis labios<br>quisiste convencerme de que anduviera el camino de la vida.<br>Con s\u00f3lo el perfume del licor se embriag\u00f3 mi alma.<\/p>\n\n\n\n<p class=\"has-small-font-size\">Yo cerr\u00e9 los ojos cavilando:<br>No habr\u00e9 de saber de nadie,<br>pues nadie habr\u00e1 de entenderme, ni creerme, ni quererme.<br>No habr\u00e1n de distraerme los rojos ababoles,<br>ni los astros rugientes cuando acudan a alumbrarme<br>con sus fastos de luz y su contento.<br>Acaso azote el viento mis desvencijados huesos<br>y los parta en tantos trozos<br>que pierda la esperanza de volver a sujetarlos.<br>Las sombras, como demonios, me saldr\u00e1n al paso<br>y trepar\u00e1n por mi cuerpo con un deseo incontrolado.<\/p>\n\n\n\n<p class=\"has-small-font-size\">Beb\u00ed, R\u00e1bena, de tu vino y de mis versos.<br>Dije s\u00ed a tu propuesta.<br>T\u00fa trazaste un plano sobre mi alma.<br>Sal\u00ed a la vida al levantarse la ma\u00f1ana.<br>La aurora llevaba amapolas en su vientre:<br>rojas almas que los c\u00e9firos volaban por la tierra.<br>Yo llevaba clavadas mil lanzas en el pecho.<\/p>\n\n\n\n<p class=\"has-small-font-size\"><strong>II<\/strong><\/p>\n\n\n\n<p class=\"has-small-font-size\">Hoy se me han venido las l\u00e1grimas al alma.<br>He querido dormir, R\u00e1bena.<br>He querido dormir, pues el da\u00f1o es digno de ser alejado.<\/p>\n\n\n\n<p class=\"has-small-font-size\">He querido en el blanco de mi lecho guardarme,<br>para que el dulce y alado Morfeo acudiera a m\u00ed<br>e hiciera de mi tormento un sue\u00f1o.<\/p>\n\n\n\n<p class=\"has-small-font-size\">He querido dormir, R\u00e1bena.<br>He querido entre las nubes de mi cama tenerme,<br>como si la noche fuese a durar la vida entera.<\/p>\n\n\n\n<p class=\"has-small-font-size\">Despu\u00e9s, en un torrente incontrolado,<br>las l\u00e1grimas se han ido perdiendo.<\/p>\n\n\n\n<p class=\"has-small-font-size\"><strong>III<\/strong><\/p>\n\n\n\n<p class=\"has-small-font-size\">\u00a1Qu\u00e9 puedes esperar de m\u00ed sino o<strong>f<\/strong>ensas,<br>el <strong>f<\/strong>racaso que hasta la in<strong>f<\/strong>amia he de recitar ahora<br>y que he de pro<strong>f<\/strong>erir con las <strong>f<\/strong>an<strong>f<\/strong>arrias de una <strong>f<\/strong>arsa,<br>con las <strong>f<\/strong>iestas que reprocha mi raz\u00f3n,<br>con los pulcros dis<strong>f<\/strong>races de mi coraz\u00f3n!<br><strong>F<\/strong>atalidad\u2026 <strong>F<\/strong>atalidad\u2026<br>\u00bfTodo es tan <strong>f<\/strong>at\u00eddico como me parece?<br>In<strong>f<\/strong>ortunio\u2026 In<strong>f<\/strong>ortunio\u2026<br>Las <strong>f<\/strong>antas\u00edas de mis versos me con<strong>f<\/strong>ortan.<br>M\u00e1s all\u00e1 de la <strong>f<\/strong>iniestra que de par en par se abre<br>existe un mundo <strong>f<\/strong>ulgurante y <strong>f<\/strong>abuloso;<br>pero en \u00edn<strong>f<\/strong>imas <strong>f<\/strong>echor\u00edas voy pensando,<br>y en las a<strong>f<\/strong>rentas que me han de <strong>f<\/strong>runcir la piel.<br>\u00a1Qu\u00e9 poco a<strong>f<\/strong>\u00edn a m\u00ed es este <strong>F<\/strong>a de <strong>f<\/strong>as compuesto:<br>esa ni grave ni aguda nota que cali<strong>f<\/strong>icar\u00e9 de exacta<br>y que escucho en<strong>f<\/strong>undada en mi a<strong>f<\/strong>ligido <strong>f<\/strong>renes\u00ed!<br><strong>F<\/strong>uegos que arden en mi alma,<br><strong>f<\/strong>un\u00e1mbulos que con allegro tempo ruedan,<br>y que se a<strong>f<\/strong>erran al en<strong>f<\/strong>angado de mi esp\u00edritu<br>\u2014esa cuerda <strong>f<\/strong>loja que no cesa de <strong>f<\/strong>luctuar\u2014.<br>Hasta m\u00ed llegan las <strong>f<\/strong>\u00fatiles <strong>f<\/strong>lorituras de un des<strong>f<\/strong>ile:<br>cada ser se a<strong>f<\/strong>ana en contemplarse sin so<strong>f<\/strong>oco.<br>Vivo en clave de Sol.<br>\u00a1Pero qu\u00e9 <strong>F<\/strong>a tan sublime y sugerente escucho!<br>La <strong>f<\/strong>recuencia de su vibraci\u00f3n la desconozco,<br>mas s\u00e9 que estoy en clave de Sol.<br>Perm\u00edteme, R\u00e1bena, un breve inciso\u2026<br><strong>F<\/strong>lautistas:<br>bu<strong>f<\/strong>ad, bu<strong>f<\/strong>ad con <strong>f<\/strong>uerza<br>y hacedme danzar en el in<strong>f<\/strong>ierno.<\/p>\n\n\n\n<p class=\"has-small-font-size\">\u2022\u2022\u2022 \u2022\u2022\u2022 \u2022\u2022\u2022<\/p>\n\n\n\n<p class=\"has-small-font-size\">Si algo m\u00e1s que un desnudo resto,<br>si algo m\u00e1s que una migaja desmigada;<br>es decir, un verso colmado, rebosante<br>de esos signos que lo llenan de sentido,<br>un verso de cualquier da\u00f1o ileso,<br>un verso inalterado, nov\u00edsimo, entero<br>\u2014intacta cada uno de sus letras\u2014,<br>un verso ofuscado en ser parte principal<br>de aquello que te escribo a ti<br>(a ti que no dejas de profanar mi nombre,<br>que desorientada y ficticia y fan\u00e1tica<br>y err\u00f3nea has decidido llamarme),<br>no pudieras en tu alma acomodar,<br>recuerda que nadie naci\u00f3 creyendo\u2026<\/p>\n\n\n\n<p class=\"has-small-font-size\">Si cierta estela de belleza, racional<br>o delirante, encontraras en una de estas voces,<br>en un \u00fanico y expl\u00edcito silencio,<br>acaso beber\u00eda yo de tu ardiente o dulce copa.<br>Pero m\u00e1s har\u00e1 el duro corind\u00f3n sobre la cendra<br>que en tu alma el m\u00e1s sentido verso.<br>Oh, R\u00e1bena, es lo mismo,<br>seiscientos versos y uno m\u00e1s te escribo.<\/p>\n\n\n\n<div style=\"height:25px\" aria-hidden=\"true\" class=\"wp-block-spacer\"><\/div>\n\n\n\n<h5 id=\"wp-block-themeisle-blocks-advanced-heading-9e63eca4\" class=\"wp-block-themeisle-blocks-advanced-heading wp-block-themeisle-blocks-advanced-heading-9e63eca4\">Carta a una querida desconocida amiga<\/h5>\n\n\n\n<p class=\"has-small-font-size\">Yo pertenezco a un estilo de vida minucioso.<br>T\u00fa, desconocida amiga, prefieres hablar de ideolog\u00eda.<br>Piensas (al menos te has formado una idea)<br>que dependo de esa que te ha dado<br>en llamar \u00abIdeolog\u00eda de vida t\u00e9trica y contenida\u00bb.<br>Y as\u00ed pienso yo tambi\u00e9n, no creas,<br>quiz\u00e1 porque tales escogidas palabras<br>han de entenderse en una acepci\u00f3n m\u00e1s personal,<br>m\u00e1s dis\u00edmil, m\u00e1s verdadera en su contexto:<br>algo prioritario por los \u00e1ngulos tan \u00fanicos<br>que a cada una de nosotras nos conforman.<br>No, no voy a definirme<br>como un simple cuerpo geom\u00e9trico, faltar\u00eda.<\/p>\n\n\n\n<p class=\"has-small-font-size\">\u2022\u2022\u2022 \u2022\u2022\u2022 \u2022\u2022\u2022<\/p>\n\n\n\n<div style=\"height:25px\" aria-hidden=\"true\" class=\"wp-block-spacer\"><\/div>\n\n\n\n<h5 id=\"wp-block-themeisle-blocks-advanced-heading-cf8178f0\" class=\"wp-block-themeisle-blocks-advanced-heading wp-block-themeisle-blocks-advanced-heading-cf8178f0\">Carta a un fiel esc\u00e9ptico de los versos<\/h5>\n\n\n\n<p class=\"has-small-font-size\">Saludos, fiel esc\u00e9ptico de los versos.<br>Saludos de quien no pretende persuadirte,<br>sino tentarte.<br>Hoy todo me inspira,<br>todo sacude mis arterias y las desangra<br>en un torrente de escarlata imaginaci\u00f3n.<\/p>\n\n\n\n<p class=\"has-small-font-size\">\u00bfQui\u00e9n me conoce que no me haya asestado<br>en el pecho un golpe o me haya atravesado<br>con espada de infinita y obstinada punta?<br>\u00a1Cu\u00e1nto tiempo sin saber de nosotros mismos!<br>Ayer \u00e9ramos ayer por tanto tiempo\u2026<\/p>\n\n\n\n<p class=\"has-small-font-size\">\u2022\u2022\u2022 \u2022\u2022\u2022 \u2022\u2022\u2022<\/p>\n\n\n\n<div style=\"height:25px\" aria-hidden=\"true\" class=\"wp-block-spacer\"><\/div>\n\n\n\n<h5 id=\"wp-block-themeisle-blocks-advanced-heading-e34fed72\" class=\"wp-block-themeisle-blocks-advanced-heading wp-block-themeisle-blocks-advanced-heading-e34fed72\">Carta al infinito tiempo<\/h5>\n\n\n\n<p class=\"has-small-font-size\">A ti, infinito tiempo, que diste con ellas,<br>con aquellas necesitadas de los versos.<br>\u00a1Cu\u00e1ntas son que fueron por un momento,<br>que fueron por tu antes,<br>por tu ahora, por tu siempre!<br>T\u00fa ya las conoces:<\/p>\n\n\n\n<p class=\"has-small-font-size\"><strong>Anyte de Tegea<\/strong><\/p>\n\n\n\n<p class=\"has-small-font-size\">Anyte ha hundido sus pies descalzos en la hierba,<br>dando as\u00ed un epigrama suyo por concluso.<br>Lejos de alabarla por su d\u00f3rica palabra<br>\u2014rumbo mi pensamiento<br>a cualquier lugar en donde ella pudiera hallarse\u2014,<br>escribo yo mis versos esperando que una luz<br>de la vieja Arcadia quiera tambi\u00e9n iluminarme.<br>\u00a1Oh!, poderosa y turbadora incertidumbre<br>que me lleva al deseo de un remoto tiempo,<br>m\u00e1s que nada por esconder mis versos<br>en el hondo de un \u00e1nfora de largo y fino cuello.<br>\u00a1Qu\u00e9 mejor manera puede haber que esa!<br>\u00bfO no est\u00e1 ocultado el arte, mil y tantas veces,<br>tras un grueso cortinaje que nadie se atreve a descorrer?<br>\u00bfO no muere abandonado bajo losas sepulcrales<br>en donde s\u00f3lo el olvido y el silencio habitan?<br>Pero, despu\u00e9s de todo, Anyte<br>me ha de inspirar m\u00e1s que el propio Homero.<\/p>\n\n\n\n<p class=\"has-small-font-size\"><strong>Marina Tsvet\u00e1yeva<\/strong><\/p>\n\n\n\n<p class=\"has-small-font-size\">Marina est\u00e1 so\u00f1ando despu\u00e9s de que la nieve<br>la haya sepultado bajo un g\u00e9lido temblor.<br>La nieve no se deshace cuando Marina se despierta.<br>Yo quiero llorar con ella todas sus penas, todas,<br>no vayan sus l\u00e1grimas a perderse para siempre.<br>Bajo, presurosa y dolida, de mi primavera eterna<br>hasta el estanque de hielo celeste y blanco<br>donde Marina no quiere seguir so\u00f1ando.<br>Me acuesto sobre el lecho de hielo.<\/p>\n\n\n\n<p class=\"has-small-font-size\">\u2022\u2022\u2022 \u2022\u2022\u2022 \u2022\u2022\u2022<\/p>\n\n\n\n<div style=\"height:25px\" aria-hidden=\"true\" class=\"wp-block-spacer\"><\/div>\n\n\n\n<h5 id=\"wp-block-themeisle-blocks-advanced-heading-7174fdad\" class=\"wp-block-themeisle-blocks-advanced-heading wp-block-themeisle-blocks-advanced-heading-7174fdad\">Carta a una ni medio amiga<\/h5>\n\n\n\n<p class=\"has-small-font-size\">Yo s\u00f3lo quer\u00eda irme, desaparecer.<br>Me qued\u00e9 contigo.<br>Te hablaba.<br>Te escuchaba.<br>A veces, el santo Job descansa sobre mi sombra.<br>Mientras, Saturno rotaba su cuerpo anillado<br>en un tiempo maleable e intentaba completar<br>su larga \u00f3rbita de tantos y tantos a\u00f1os.<\/p>\n\n\n\n<p class=\"has-small-font-size\">Giraba la Tierra.<br>Incluso cabeza abajo con respecto a otros habitantes<br>del planeta, yo me manten\u00eda en digna posici\u00f3n<br>y con la respetable apariencia de un esp\u00edritu:<br>sagrado cendal sobre los hombros,<br>alj\u00f3fares cayendo del helado cuello<br>y la palidez del lirio albergado en las mejillas.<\/p>\n\n\n\n<p class=\"has-small-font-size\">\u2022\u2022\u2022 \u2022\u2022\u2022 \u2022\u2022\u2022<\/p>\n\n\n\n<div style=\"height:25px\" aria-hidden=\"true\" class=\"wp-block-spacer\"><\/div>\n\n\n\n<h5 id=\"wp-block-themeisle-blocks-advanced-heading-b7330d6b\" class=\"wp-block-themeisle-blocks-advanced-heading wp-block-themeisle-blocks-advanced-heading-b7330d6b\">Carta a Dios<\/h5>\n\n\n\n<p class=\"has-small-font-size\">D\u00e9jame, Dios, descansar sobre mis versos,<br>pues me han condenado a caminar<br>a ocho patas las ara\u00f1as<br>y no consigo conducirme con acierto.<br>S\u00e9 que no vendr\u00e1s a socorrerme.<br>S\u00e9 que no vendr\u00e1s.<\/p>\n\n\n\n<p class=\"has-small-font-size\">\u2022\u2022\u2022 \u2022\u2022\u2022 \u2022\u2022\u2022<\/p>\n\n\n\n<div style=\"height:25px\" aria-hidden=\"true\" class=\"wp-block-spacer\"><\/div>\n\n\n\n<h5 id=\"wp-block-themeisle-blocks-advanced-heading-d31b4fe6\" class=\"wp-block-themeisle-blocks-advanced-heading wp-block-themeisle-blocks-advanced-heading-d31b4fe6\">Carta a una musa<\/h5>\n\n\n\n<p class=\"has-small-font-size\">\u00bfQu\u00e9 luz en m\u00ed encendiste, amada Musa,<br>cuando la fiera munda (medio mundo<br>me persigue y el otro medio me provoca)<br>vino con ciego deseo a reventar mis sue\u00f1os?<\/p>\n\n\n\n<p class=\"has-small-font-size\">Recuerda que yo quise con mi aliento<br>empujar la favila en mi hoguera,<br>los livianos p\u00e9talos de una amapola,<br>la niebla que enreda nuestras almas.<\/p>\n\n\n\n<p class=\"has-small-font-size\">\u2022\u2022\u2022 \u2022\u2022\u2022 \u2022\u2022\u2022<\/p>\n\n\n\n<div style=\"height:25px\" aria-hidden=\"true\" class=\"wp-block-spacer\"><\/div>\n\n\n\n<h5 id=\"wp-block-themeisle-blocks-advanced-heading-927ef0a5\" class=\"wp-block-themeisle-blocks-advanced-heading wp-block-themeisle-blocks-advanced-heading-927ef0a5\">Carta a Aim\u00e9<\/h5>\n\n\n\n<p class=\"has-small-font-size\">Yo quer\u00eda recitarte mis poemas.<br>Los llevaba escondidos bajo la blusa de lino.<br>T\u00fa llevabas los tuyos guardados<br>en una bandolera de pana marr\u00f3n muy gastada.<br>\u00c9ramos j\u00f3venes como ni\u00f1os.<br>\u00c9ramos tanto el uno como el otro s\u00f3lo flores<br>en aquel venturoso momento de la tarde.<br>Pero nuestros p\u00e9talos s\u00f3lo estaban enhebrados.<\/p>\n\n\n\n<p class=\"has-small-font-size\">Al subir los doscientos siete altos escalones<br>de la torre campanario de nuestra catedral,<br>cant\u00e1bamos y re\u00edamos sin remisi\u00f3n alguna.<br>Yo me iba apropiando de tus pisadas<br>en una m\u00ednima excursi\u00f3n a las alturas.<br>Total, cincuenta y un metros no son nada.<\/p>\n\n\n\n<p class=\"has-small-font-size\">\u2022\u2022\u2022 \u2022\u2022\u2022 \u2022\u2022\u2022<\/p>\n\n\n\n<div style=\"height:25px\" aria-hidden=\"true\" class=\"wp-block-spacer\"><\/div>\n\n\n\n<h5 id=\"wp-block-themeisle-blocks-advanced-heading-d939eb71\" class=\"wp-block-themeisle-blocks-advanced-heading wp-block-themeisle-blocks-advanced-heading-d939eb71\">Carta a dos seres extraordinarios<\/h5>\n\n\n\n<p class=\"has-small-font-size\">Yo so\u00f1aba con vosotros cada d\u00eda (cada d\u00eda sue\u00f1o).<br>Ese es el sue\u00f1o m\u00e1s verdadero y fabuloso,<br>pues verdadero es lo que se muestra sin enga\u00f1os<br>y fabuloso es todo aquello fuera de lo normal.<\/p>\n\n\n\n<p class=\"has-small-font-size\">\u2022\u2022\u2022 \u2022\u2022\u2022 \u2022\u2022\u2022<\/p>\n\n\n\n<div style=\"height:25px\" aria-hidden=\"true\" class=\"wp-block-spacer\"><\/div>\n\n\n\n<h5 id=\"wp-block-themeisle-blocks-advanced-heading-016acf8c\" class=\"wp-block-themeisle-blocks-advanced-heading wp-block-themeisle-blocks-advanced-heading-016acf8c\">Carta a los inocentes<\/h5>\n\n\n\n<p class=\"has-small-font-size\">\u00a1Por qu\u00e9 ha de espantarte la vida!<br>\u00a1Por qu\u00e9 si tu coraz\u00f3n habr\u00eda de saltar de contento<br>y salirse del pecho para mecerse en la rama del olivo<br>o perderse en el esplendor de la ma\u00f1ana!<br>Ay, pero han venido a morderlo con bocado mortal,<br>con los afilados dientes de una bestia enloquecida.<br>\u00bfQu\u00e9 sabes t\u00fa, mi inocente sabio amigo?<br>\u00bfQu\u00e9 sabes t\u00fa, ahora que ya lo sabes todo?<br>Alguien cree que eres un mu\u00f1eco de trapo,<br>t\u00fa, mi \u00e1ngel, mi muchacho roto, mi ni\u00f1o de polvo.<br>Alguien ha dejado de pensar en tu vida.<br>Toma mi pa\u00f1uelo, peque\u00f1o gorri\u00f3n, c\u00f3gelo:<br>est\u00e1 lavado al sol y oreado con el aire de tu jard\u00edn.<br>Col\u00f3calo sobre las heridas de tu coraz\u00f3n.<\/p>\n\n\n\n<p class=\"has-small-font-size\">\u2022\u2022\u2022 \u2022\u2022\u2022 \u2022\u2022\u2022<\/p>\n\n\n\n<div style=\"height:25px\" aria-hidden=\"true\" class=\"wp-block-spacer\"><\/div>\n\n\n\n<h5 id=\"wp-block-themeisle-blocks-advanced-heading-63ec1d0a\" class=\"wp-block-themeisle-blocks-advanced-heading wp-block-themeisle-blocks-advanced-heading-63ec1d0a\">Carta a Colombine<\/h5>\n\n\n\n<p class=\"has-small-font-size\">He sabido por mis \u00e1vidos contactos, Colombine,<br>que hay raz\u00f3n para no encontrarnos:<br>el collar de perlas negras que luces en tu cuello,<br>estuvo metido en mi armario mucho tiempo.<\/p>\n\n\n\n<p class=\"has-small-font-size\">\u00a1C\u00f3mo entre los pa\u00f1os de seda de mi alcoba,<br>donde guardaba yo lo m\u00e1s preciado,<br>donde escond\u00eda las prendas de mi alma,<br>pudiste meter la mano sin empacho!<\/p>\n\n\n\n<p class=\"has-small-font-size\">\u2022\u2022\u2022 \u2022\u2022\u2022 \u2022\u2022\u2022<\/p>\n\n\n\n<div style=\"height:25px\" aria-hidden=\"true\" class=\"wp-block-spacer\"><\/div>\n\n\n\n<h5 id=\"wp-block-themeisle-blocks-advanced-heading-c46e94bf\" class=\"wp-block-themeisle-blocks-advanced-heading wp-block-themeisle-blocks-advanced-heading-c46e94bf\">Carta a alguien que se fue<\/h5>\n\n\n\n<p class=\"has-small-font-size\">La vida tiene un tono azafranado<br>digno de los valles del infierno.<br>Nadie quiere saberlo.<br>Nadie lo entiende.<br>Salvaje es nuestro pensamiento,<br>pero calmas ser\u00e1n las aguas de nuestro destierro.<\/p>\n\n\n\n<p class=\"has-small-font-size\">\u2022\u2022\u2022 \u2022\u2022\u2022 \u2022\u2022\u2022<\/p>\n\n\n\n<div style=\"height:25px\" aria-hidden=\"true\" class=\"wp-block-spacer\"><\/div>\n\n\n\n<h5 id=\"wp-block-themeisle-blocks-advanced-heading-e7ff2c9a\" class=\"wp-block-themeisle-blocks-advanced-heading wp-block-themeisle-blocks-advanced-heading-e7ff2c9a\">Carta a un dios cualquiera<\/h5>\n\n\n\n<p class=\"has-small-font-size\">\u00a1Qu\u00e9 hago yo dejada de tu mano<br>si cuanto s\u00e9 no puede compararse<br>ni a lo m\u00e1s nimio de tu sabidur\u00eda!<br>Suj\u00e9tame antes de que por el cantil<br>de mis propias emociones me despe\u00f1e.<br>Compartir\u00e9 contigo el ardiente \u00abauror\u00bb<br>o la mansa \u00abc\u00e9fira\u00bb de la tarde:<br>mejor alterar palabras que verdades.<\/p>\n\n\n\n<p class=\"has-small-font-size\">\u2022\u2022\u2022 \u2022\u2022\u2022 \u2022\u2022\u2022<\/p>\n\n\n\n<div style=\"height:25px\" aria-hidden=\"true\" class=\"wp-block-spacer\"><\/div>\n\n\n\n<h5 id=\"wp-block-themeisle-blocks-advanced-heading-5937b2ee\" class=\"wp-block-themeisle-blocks-advanced-heading wp-block-themeisle-blocks-advanced-heading-5937b2ee\">Carta a un lector desaprensivo<\/h5>\n\n\n\n<p class=\"has-small-font-size\">Vivo en Neptuno, un planeta helado:<br>mi condici\u00f3n de poeta me lo exige.<br>A\u00f1oro al astro Sol, ante el que un d\u00eda<br>cruzaba el \u00e1guila en su vuelo solitario,<br>bajo el que se doraba mi talento<br>y enrojec\u00edan el coraz\u00f3n y las rosas.<\/p>\n\n\n\n<p class=\"has-small-font-size\">El astro Sol, m\u00e1s distante que nunca,<br>apenas ahora me calienta.<br>Y el \u00e1guila yace desplumada y lacia<br>sobre los remotos cerros de la Tierra.<\/p>\n\n\n\n<p class=\"has-small-font-size\">\u2022\u2022\u2022 \u2022\u2022\u2022 \u2022\u2022\u2022<\/p>\n\n\n\n<div style=\"height:25px\" aria-hidden=\"true\" class=\"wp-block-spacer\"><\/div>\n\n\n\n<div id=\"wp-block-themeisle-blocks-button-group-75cf72ae\" class=\"wp-block-themeisle-blocks-button-group wp-block-buttons align-right-desktop\">\n<div id=\"wp-block-themeisle-blocks-button-fe1fc1ba\" class=\"wp-block-themeisle-blocks-button wp-block-button\"><a href=\"https:\/\/irmina.art\/index.php\/versos-y-razones\/\" target=\"_self\" rel=\"noopener noreferrer\" class=\"wp-block-button__link\"><span><strong>Volver<\/strong><\/span><\/a><\/div>\n<\/div>\n","protected":false},"excerpt":{"rendered":"<p>(En m\u00f3viles, usando la orientaci\u00f3n vertical, los versos pueden quedar fraccionados. Por ello, es recomendable cambiar a la orientaci\u00f3n horizontal) Acaso me maldigas\u2026 I Recuerda, R\u00e1bena, cuando me ofrecistedisfrutar del m\u00e1s delicioso y dulce vino,ese mismo que en sus odas alabara Anacreonte. Recuerda que con la copa ya cerca de mis labiosquisiste convencerme de que [&hellip;]<\/p>\n","protected":false},"author":1,"featured_media":0,"parent":0,"menu_order":0,"comment_status":"closed","ping_status":"closed","template":"","meta":{"_themeisle_gutenberg_block_has_review":false,"footnotes":""},"class_list":["post-4509","page","type-page","status-publish","hentry"],"_links":{"self":[{"href":"https:\/\/irmina.art\/index.php\/wp-json\/wp\/v2\/pages\/4509","targetHints":{"allow":["GET"]}}],"collection":[{"href":"https:\/\/irmina.art\/index.php\/wp-json\/wp\/v2\/pages"}],"about":[{"href":"https:\/\/irmina.art\/index.php\/wp-json\/wp\/v2\/types\/page"}],"author":[{"embeddable":true,"href":"https:\/\/irmina.art\/index.php\/wp-json\/wp\/v2\/users\/1"}],"replies":[{"embeddable":true,"href":"https:\/\/irmina.art\/index.php\/wp-json\/wp\/v2\/comments?post=4509"}],"version-history":[{"count":6,"href":"https:\/\/irmina.art\/index.php\/wp-json\/wp\/v2\/pages\/4509\/revisions"}],"predecessor-version":[{"id":4563,"href":"https:\/\/irmina.art\/index.php\/wp-json\/wp\/v2\/pages\/4509\/revisions\/4563"}],"wp:attachment":[{"href":"https:\/\/irmina.art\/index.php\/wp-json\/wp\/v2\/media?parent=4509"}],"curies":[{"name":"wp","href":"https:\/\/api.w.org\/{rel}","templated":true}]}}