{"id":4477,"date":"2025-11-08T14:21:57","date_gmt":"2025-11-08T13:21:57","guid":{"rendered":"https:\/\/irmina.art\/?page_id=4477"},"modified":"2025-11-22T19:10:58","modified_gmt":"2025-11-22T18:10:58","slug":"sapere-aude","status":"publish","type":"page","link":"https:\/\/irmina.art\/index.php\/sapere-aude\/","title":{"rendered":"Sapere aude"},"content":{"rendered":"\n<div style=\"height:25px\" aria-hidden=\"true\" class=\"wp-block-spacer\"><\/div>\n\n\n\n<h4 id=\"wp-block-themeisle-blocks-advanced-heading-352660e1\" class=\"wp-block-themeisle-blocks-advanced-heading wp-block-themeisle-blocks-advanced-heading-352660e1\"><strong>Fragmento<\/strong><\/h4>\n\n\n\n<div style=\"height:25px\" aria-hidden=\"true\" class=\"wp-block-spacer\"><\/div>\n\n\n\n<h5 id=\"wp-block-themeisle-blocks-advanced-heading-9f059426\" class=\"wp-block-themeisle-blocks-advanced-heading wp-block-themeisle-blocks-advanced-heading-9f059426\">Presumible prefacio<\/h5>\n\n\n\n<p class=\"has-small-font-size\">\u00a1Qu\u00e9 importa en qu\u00e9 lugar o fecha transcurre este fragmento de mi vida! \u00bfAcaso importa mi nombre? \u00bfQui\u00e9n sea yo hoy importa? \u00bfDe d\u00f3nde provengo es relevante? \u00bfImportan mi familia, mi condici\u00f3n social, mi sexo? Con el prop\u00f3sito de integrar una historia particular en un universo global y atemporal, evitar\u00e9 estos datos y otros de parecida o de m\u00e1s personal \u00edndole hasta donde me sea posible. Aun as\u00ed, el atractivo de lo abstracto se ver\u00e1 mermado, casi desaparecer\u00e1, puesto que no podr\u00e9 prescindir de las concreciones tanto como quiero y pretendo. Tampoco podr\u00e9 prescindir de mi tendencia al artificio \u2014en el sentido de elaboraci\u00f3n del texto\u2014, por lo que me dejar\u00e9 llevar por un instinto controlado. M\u00e1s bien, todo quedar\u00e1 en un in\u00fatil prop\u00f3sito inicial de transmitir cierta imprecisi\u00f3n literaria. Pero, de alguna manera, persistir\u00e9 en mi intenci\u00f3n. Las palabras tambi\u00e9n persistir\u00e1n en esa misma intenci\u00f3n. Algunos aspectos de mi persona quedar\u00e1n impl\u00edcitos en el escrito. Las pocas conversaciones que en el texto aparezcan se ajustar\u00e1n a su realidad m\u00e1s intr\u00ednseca, a pesar de que no ser\u00e1n trascritas literalmente. He de insistir en ese objetivo de dotar de alguna vaguedad personal un relato que precisa de mucha definici\u00f3n.<\/p>\n\n\n\n<p class=\"has-small-font-size\">No contaba a\u00fan los cinco a\u00f1os de edad (rese\u00f1a necesaria) cuando un incre\u00edble suceso sacudi\u00f3 mi esp\u00edritu procur\u00e1ndome algunas capacidades que considero excepcionales para tan corta edad: la conciencia de mi propio ser, el poder de discernimiento y la sensibilidad de la intuici\u00f3n (que no deja de ser parte de la raz\u00f3n).<\/p>\n\n\n\n<p class=\"has-small-font-size\">Respecto a la estructura del relato y su porqu\u00e9:<\/p>\n\n\n\n<p class=\"has-small-font-size\">En el Apartado I, \u00abMetamorfosis\u00bb, reflejar\u00e9 lo que, durante un peque\u00f1o espacio de tiempo (desde que acaeci\u00f3 el acontecimiento hasta, aproximadamente, un a\u00f1o despu\u00e9s), puedo considerar como el estreno de esas capacidades mencionadas en el p\u00e1rrafo anterior.<\/p>\n\n\n\n<p class=\"has-small-font-size\">En el Apartado II, \u00abEl suceso\u00bb, por donde quiz\u00e1 deber\u00eda comenzar el relato, dar\u00e9 cuenta del suceso y de las primeras reacciones que de \u00e9l derivaron.<\/p>\n\n\n\n<p class=\"has-small-font-size\">En el Apartado III, \u00abRespuesta sin respuesta\u00bb, se evidenciar\u00e1 el gran efecto que el suceso supuso para mi persona: la primer\u00edsima consecuencia, que se tradujo en un contumaz intento de acceder a una explicaci\u00f3n de aquello que no entend\u00eda o que realmente no ten\u00eda explicaci\u00f3n (aunque, mirado con perspectiva, fue poca mi obstinaci\u00f3n).<\/p>\n\n\n\n<p class=\"has-small-font-size\">En el Apartado IV, \u00abSombras\u00bb, me atrever\u00e9 a revelar unos versos propios. Ser\u00e1 un gesto hacia el lector por hacerle verdadero part\u00edcipe de la historia.<\/p>\n\n\n\n<p class=\"has-small-font-size\">Y, por \u00faltimo, puesto que es parte sustancial en la narraci\u00f3n, redactar\u00e9 lo que ser\u00e1 un discutible ep\u00edlogo: un final que ni siquiera se corresponder\u00e1 con una conclusi\u00f3n categ\u00f3rica de los presumibles hechos acaecidos.<\/p>\n\n\n\n<div style=\"height:25px\" aria-hidden=\"true\" class=\"wp-block-spacer\"><\/div>\n\n\n\n<h5 id=\"wp-block-themeisle-blocks-advanced-heading-b34f5932\" class=\"wp-block-themeisle-blocks-advanced-heading wp-block-themeisle-blocks-advanced-heading-b34f5932\">Metamorfosis<\/h5>\n\n\n\n<p class=\"has-text-align-right has-small-font-size\"><em>\u00abSapere aude\u00bb<br>Horacio, Epistolarum liber primus<\/em>.<\/p>\n\n\n\n<p class=\"has-small-font-size\">Densas e inquietantes sombras rodeaban la casa y se extend\u00edan lentamente hasta ocultarlo todo; y como si nada ni nadie pudiera sobrevivir m\u00e1s all\u00e1 de la casa que esas densas e inquietantes sombras, cre\u00eda que s\u00f3lo donde me hallaba quedaba a salvo de ellas.<\/p>\n\n\n\n<p class=\"has-small-font-size\">Sobre un taburete o de puntillas, me iba asomando a tantas ventanas como pod\u00eda. De esta manera consegu\u00eda contemplar el prodigioso acontecimiento que era el anochecer. Y es que tal metamorfosis requer\u00eda ser vista desde todos los \u00e1ngulos posibles.<\/p>\n\n\n\n<p class=\"has-small-font-size\">El retumbo del port\u00f3n del jard\u00edn al cerrarse, como si de un reloj se tratara, marcaba la hora en que La Metamorfosis daba inicio. El met\u00e1lico sonido producido por el port\u00f3n era tan deseado como temido: repentino y ensordecedor golpe que sacud\u00eda en el aire su eco premonitorio.<\/p>\n\n\n\n<p class=\"has-small-font-size\">Con el coraz\u00f3n palpitando en mis o\u00eddos, ve\u00eda c\u00f3mo el paisaje que hab\u00eda reinado durante el d\u00eda se iba desvaneciendo y convirtiendo en un escenario desconcertante que, de manera inevitable, quedaba bajo el poder de las sombras\u2026 Todo, en definitiva, sucumb\u00eda a ese dominio.<\/p>\n\n\n\n<p class=\"has-small-font-size\">Poco antes de que la oscuridad fuera completa, una bandada de aves atravesaba el brumoso y espeso cielo. En la embestida a\u00e9rea, los p\u00e1jaros lanzaban graznidos de socorro, puesto que las sombras pretend\u00edan darles alcance. Dispon\u00eda de escasos segundos para observar el vuelo, ya que los p\u00e1jaros desaparec\u00edan pronto de mi campo de visi\u00f3n.<\/p>\n\n\n\n<p class=\"has-small-font-size\">\u2022\u2022\u2022 \u2022\u2022\u2022 \u2022\u2022\u2022<\/p>\n\n\n\n<div id=\"wp-block-themeisle-blocks-button-group-75cf72ae\" class=\"wp-block-themeisle-blocks-button-group wp-block-buttons align-right-desktop\">\n<div id=\"wp-block-themeisle-blocks-button-fe1fc1ba\" class=\"wp-block-themeisle-blocks-button wp-block-button\"><a href=\"https:\/\/irmina.art\/index.php\/fabulo-y-otros-relatos\/\" target=\"_self\" rel=\"noopener noreferrer\" class=\"wp-block-button__link\"><span><strong>Volver<\/strong><\/span><\/a><\/div>\n<\/div>\n","protected":false},"excerpt":{"rendered":"<p>\u00a1Qu\u00e9 importa en qu\u00e9 lugar o fecha transcurre este fragmento de mi vida! \u00bfAcaso importa mi nombre? \u00bfQui\u00e9n sea yo hoy importa? \u00bfDe d\u00f3nde provengo es relevante? \u00bfImportan mi familia, mi condici\u00f3n social, mi sexo? Con el prop\u00f3sito de integrar una historia particular en un universo global y atemporal, evitar\u00e9 estos datos y otros de [&hellip;]<\/p>\n","protected":false},"author":1,"featured_media":0,"parent":0,"menu_order":0,"comment_status":"closed","ping_status":"closed","template":"","meta":{"_themeisle_gutenberg_block_has_review":false,"footnotes":""},"class_list":["post-4477","page","type-page","status-publish","hentry"],"_links":{"self":[{"href":"https:\/\/irmina.art\/index.php\/wp-json\/wp\/v2\/pages\/4477","targetHints":{"allow":["GET"]}}],"collection":[{"href":"https:\/\/irmina.art\/index.php\/wp-json\/wp\/v2\/pages"}],"about":[{"href":"https:\/\/irmina.art\/index.php\/wp-json\/wp\/v2\/types\/page"}],"author":[{"embeddable":true,"href":"https:\/\/irmina.art\/index.php\/wp-json\/wp\/v2\/users\/1"}],"replies":[{"embeddable":true,"href":"https:\/\/irmina.art\/index.php\/wp-json\/wp\/v2\/comments?post=4477"}],"version-history":[{"count":6,"href":"https:\/\/irmina.art\/index.php\/wp-json\/wp\/v2\/pages\/4477\/revisions"}],"predecessor-version":[{"id":4537,"href":"https:\/\/irmina.art\/index.php\/wp-json\/wp\/v2\/pages\/4477\/revisions\/4537"}],"wp:attachment":[{"href":"https:\/\/irmina.art\/index.php\/wp-json\/wp\/v2\/media?parent=4477"}],"curies":[{"name":"wp","href":"https:\/\/api.w.org\/{rel}","templated":true}]}}