{"id":3444,"date":"2024-01-28T15:52:16","date_gmt":"2024-01-28T14:52:16","guid":{"rendered":"https:\/\/irmina.art\/?page_id=3444"},"modified":"2024-01-29T11:13:33","modified_gmt":"2024-01-29T10:13:33","slug":"el-duende","status":"publish","type":"page","link":"https:\/\/irmina.art\/index.php\/el-duende\/","title":{"rendered":"El duende"},"content":{"rendered":"\n<p class=\"has-text-align-center\">\u00a1Atentos! \u00a1Alerta!<br>\u00a1El duende Crisp\u00edn se escabulle!<br>\u00a1Y va saltando las flores<br>y amontonando frambuesas!<\/p>\n\n\n\n<p class=\"has-text-align-center\">\u2022\u2022\u2022\u2022\u2022\u2022\u2022<\/p>\n\n\n\n<p class=\"has-text-align-center\">Se ha puesto unas medias<br>m\u00e1s verdes que el tilo.<br>Yo dir\u00eda que es el sapo gracioso<br>que en la charca desafina.<\/p>\n\n\n\n<p class=\"has-text-align-center\">\u2022\u2022\u2022\u2022\u2022\u2022\u2022<\/p>\n\n\n\n<p class=\"has-text-align-center\">Ya ha catado el puchero,<br>ya ha revuelto el ropero<br>y ha perseguido a las ocas.<br>\u00a1Y no le importa meterse conmigo!<\/p>\n\n\n\n<p class=\"has-text-align-center\">\u2022\u2022\u2022\u2022\u2022\u2022\u2022<\/p>\n\n\n\n<p class=\"has-text-align-center\">Cuando aparece la luna,<br>&nbsp;brillantes escarpines se calza.<br>Y se coloca el sombrero de pana<br>para asaltar las dehesas<br>y alborotar en los sue\u00f1os.<\/p>\n\n\n\n<p class=\"has-text-align-center\">\u2022\u2022\u2022\u2022\u2022\u2022\u2022<\/p>\n\n\n\n<p class=\"has-text-align-center\">Por los bosques, por los valles,<br>por las sendas, por los montes\u2026<br>\u00bfQui\u00e9n ha visto al duendecillo?<\/p>\n\n\n\n<p class=\"has-text-align-center\">\u2022\u2022\u2022\u2022\u2022\u2022\u2022<\/p>\n\n\n\n<p class=\"has-text-align-center\">Por los alcores se marcha;<br>sonetos va recitando<br>del mism\u00edsimo Quevedo:<br>\u00abSalime al campo: vi que el sol beb\u00eda<br>los arroyos del cielo desatados,<br>y del monte quejosos los ganados<br>que con sombras hurt\u00f3 su luz al d\u00eda\u00bb.<\/p>\n\n\n\n<p class=\"has-text-align-center\">\u2022\u2022\u2022\u2022\u2022\u2022\u2022<\/p>\n\n\n\n<p class=\"has-text-align-center\">Escondidito en un \u00e1rbol<br>del que cuelgan mil hojuelas,<br>sonr\u00ede el duende rebelde.<br>Ramitas de boj son sus huesos;<br>ramitas que encorvan y estiran<br>y quiebran entre los nublos<br>y sombras y astros del cielo.<\/p>\n\n\n\n<div class=\"wp-block-buttons is-content-justification-right is-layout-flex wp-container-core-buttons-is-layout-d445cf74 wp-block-buttons-is-layout-flex\">\n<div class=\"wp-block-button\"><a class=\"wp-block-button__link wp-element-button\" href=\"https:\/\/irmina.art\/index.php\/princesa-con-zuecos\/\" style=\"border-radius:100px\">Princesa con zuecos<\/a><\/div>\n<\/div>\n","protected":false},"excerpt":{"rendered":"<p>\u00a1Atentos! \u00a1Alerta!\u00a1El duende Crisp\u00edn se escabulle!\u00a1Y va saltando las floresy amontonando frambuesas! \u2022\u2022\u2022\u2022\u2022\u2022\u2022 Se ha puesto unas mediasm\u00e1s verdes que el tilo.Yo dir\u00eda que es el sapo graciosoque en la charca desafina. \u2022\u2022\u2022\u2022\u2022\u2022\u2022 Ya ha catado el puchero,ya ha revuelto el roperoy ha perseguido a las ocas.\u00a1Y no le importa meterse conmigo! \u2022\u2022\u2022\u2022\u2022\u2022\u2022 Cuando aparece [&hellip;]<\/p>\n","protected":false},"author":1,"featured_media":0,"parent":0,"menu_order":0,"comment_status":"closed","ping_status":"closed","template":"","meta":{"_themeisle_gutenberg_block_has_review":false,"footnotes":""},"class_list":["post-3444","page","type-page","status-publish","hentry"],"_links":{"self":[{"href":"https:\/\/irmina.art\/index.php\/wp-json\/wp\/v2\/pages\/3444","targetHints":{"allow":["GET"]}}],"collection":[{"href":"https:\/\/irmina.art\/index.php\/wp-json\/wp\/v2\/pages"}],"about":[{"href":"https:\/\/irmina.art\/index.php\/wp-json\/wp\/v2\/types\/page"}],"author":[{"embeddable":true,"href":"https:\/\/irmina.art\/index.php\/wp-json\/wp\/v2\/users\/1"}],"replies":[{"embeddable":true,"href":"https:\/\/irmina.art\/index.php\/wp-json\/wp\/v2\/comments?post=3444"}],"version-history":[{"count":3,"href":"https:\/\/irmina.art\/index.php\/wp-json\/wp\/v2\/pages\/3444\/revisions"}],"predecessor-version":[{"id":3522,"href":"https:\/\/irmina.art\/index.php\/wp-json\/wp\/v2\/pages\/3444\/revisions\/3522"}],"wp:attachment":[{"href":"https:\/\/irmina.art\/index.php\/wp-json\/wp\/v2\/media?parent=3444"}],"curies":[{"name":"wp","href":"https:\/\/api.w.org\/{rel}","templated":true}]}}

<p class="has-text-align-center">¡Atentos! ¡Alerta!<br>¡El duende Crispín se escabulle!<br>¡Y va saltando las flores<br>y amontonando frambuesas!</p>



<p class="has-text-align-center">•••••••</p>



<p class="has-text-align-center">Se ha puesto unas medias<br>más verdes que el tilo.<br>Yo diría que es el sapo gracioso<br>que en la charca desafina.</p>



<p class="has-text-align-center">•••••••</p>



<p class="has-text-align-center">Ya ha catado el puchero,<br>ya ha revuelto el ropero<br>y ha perseguido a las ocas.<br>¡Y no le importa meterse conmigo!</p>



<p class="has-text-align-center">•••••••</p>



<p class="has-text-align-center">Cuando aparece la luna,<br>&nbsp;brillantes escarpines se calza.<br>Y se coloca el sombrero de pana<br>para asaltar las dehesas<br>y alborotar en los sueños.</p>



<p class="has-text-align-center">•••••••</p>



<p class="has-text-align-center">Por los bosques, por los valles,<br>por las sendas, por los montes…<br>¿Quién ha visto al duendecillo?</p>



<p class="has-text-align-center">•••••••</p>



<p class="has-text-align-center">Por los alcores se marcha;<br>sonetos va recitando<br>del mismísimo Quevedo:<br>«Salime al campo: vi que el sol bebía<br>los arroyos del cielo desatados,<br>y del monte quejosos los ganados<br>que con sombras hurtó su luz al día».</p>



<p class="has-text-align-center">•••••••</p>



<p class="has-text-align-center">Escondidito en un árbol<br>del que cuelgan mil hojuelas,<br>sonríe el duende rebelde.<br>Ramitas de boj son sus huesos;<br>ramitas que encorvan y estiran<br>y quiebran entre los nublos<br>y sombras y astros del cielo.</p>



<div class="wp-block-buttons is-content-justification-right is-layout-flex wp-container-core-buttons-is-layout-d445cf74 wp-block-buttons-is-layout-flex">
<div class="wp-block-button"><a class="wp-block-button__link wp-element-button" href="https://irmina.art/index.php/princesa-con-zuecos/" style="border-radius:100px">Princesa con zuecos</a></div>
</div>

<p>¡Atentos! ¡Alerta!¡El duende Crispín se escabulle!¡Y va saltando las floresy amontonando frambuesas! ••••••• Se ha puesto unas mediasmás verdes que el tilo.Yo diría que es el sapo graciosoque en la charca desafina. ••••••• Ya ha catado el puchero,ya ha revuelto el roperoy ha perseguido a las ocas.¡Y no le importa meterse conmigo! ••••••• Cuando aparece [&hellip;]</p>
