{"id":3442,"date":"2024-01-28T15:48:21","date_gmt":"2024-01-28T14:48:21","guid":{"rendered":"https:\/\/irmina.art\/?page_id=3442"},"modified":"2024-04-15T19:55:05","modified_gmt":"2024-04-15T17:55:05","slug":"efren-en-el-pino","status":"publish","type":"page","link":"https:\/\/irmina.art\/index.php\/efren-en-el-pino\/","title":{"rendered":"Efr\u00e9n en el pino"},"content":{"rendered":"\n<p class=\"has-text-align-center\" id=\"block-6d91f81d-1560-4bab-9d5c-227c25685df5\">Efr\u00e9n se ha dormido, se\u00f1ores,<br>encima de un pino.<br>El pino es tan alto<br>que llega hasta el cielo:<br>el pino divino,<br>el s\u00e9ptimo pino,<br>el pino encendido<br>con rayos de sol.<br>\u00a8\u00a8\u00a8\u00a8\u00a8\u00a8<br>\u00a1Qu\u00e9 miedo me entra!<br>\u00a1A m\u00ed me da susto!<br>\u00bfQu\u00e9 te ha parecido?<br>\u00a1Efr\u00e9n en un pino!<br>\u00a8\u00a8\u00a8\u00a8\u00a8\u00a8<br>\u00a1Ay!, Efr\u00e9n tiene sue\u00f1o.<br>\u00bfEfr\u00e9n tiene sue\u00f1o?<br>Se duerme este ni\u00f1o<br>encima del pino.<br>\u00bfEncima de un pino?<br>\u00a1Encima de un pino!<br>\u00a8\u00a8\u00a8\u00a8\u00a8\u00a8<br>Si vienes del r\u00edo<br>ver\u00e1s que en el pino<br>hay un ni\u00f1o metido.<br>\u00a1Qu\u00e9 cositas tienen<br>el ni\u00f1o y el pino!<\/p>\n\n\n\n<div class=\"wp-block-buttons is-content-justification-right is-layout-flex wp-container-core-buttons-is-layout-d445cf74 wp-block-buttons-is-layout-flex\">\n<div class=\"wp-block-button\"><a class=\"wp-block-button__link wp-element-button\" href=\"https:\/\/irmina.art\/index.php\/el-duende\/\" style=\"border-radius:100px\">El duende<\/a><\/div>\n<\/div>\n","protected":false},"excerpt":{"rendered":"<p>Efr\u00e9n se ha dormido, se\u00f1ores,encima de un pino.El pino es tan altoque llega hasta el cielo:el pino divino,el s\u00e9ptimo pino,el pino encendidocon rayos de sol.\u00a8\u00a8\u00a8\u00a8\u00a8\u00a8\u00a1Qu\u00e9 miedo me entra!\u00a1A m\u00ed me da susto!\u00bfQu\u00e9 te ha parecido?\u00a1Efr\u00e9n en un pino!\u00a8\u00a8\u00a8\u00a8\u00a8\u00a8\u00a1Ay!, Efr\u00e9n tiene sue\u00f1o.\u00bfEfr\u00e9n tiene sue\u00f1o?Se duerme este ni\u00f1oencima del pino.\u00bfEncima de un pino?\u00a1Encima de un pino!\u00a8\u00a8\u00a8\u00a8\u00a8\u00a8Si vienes [&hellip;]<\/p>\n","protected":false},"author":1,"featured_media":0,"parent":0,"menu_order":0,"comment_status":"closed","ping_status":"closed","template":"","meta":{"_themeisle_gutenberg_block_has_review":false,"footnotes":""},"class_list":["post-3442","page","type-page","status-publish","hentry"],"_links":{"self":[{"href":"https:\/\/irmina.art\/index.php\/wp-json\/wp\/v2\/pages\/3442","targetHints":{"allow":["GET"]}}],"collection":[{"href":"https:\/\/irmina.art\/index.php\/wp-json\/wp\/v2\/pages"}],"about":[{"href":"https:\/\/irmina.art\/index.php\/wp-json\/wp\/v2\/types\/page"}],"author":[{"embeddable":true,"href":"https:\/\/irmina.art\/index.php\/wp-json\/wp\/v2\/users\/1"}],"replies":[{"embeddable":true,"href":"https:\/\/irmina.art\/index.php\/wp-json\/wp\/v2\/comments?post=3442"}],"version-history":[{"count":8,"href":"https:\/\/irmina.art\/index.php\/wp-json\/wp\/v2\/pages\/3442\/revisions"}],"predecessor-version":[{"id":3514,"href":"https:\/\/irmina.art\/index.php\/wp-json\/wp\/v2\/pages\/3442\/revisions\/3514"}],"wp:attachment":[{"href":"https:\/\/irmina.art\/index.php\/wp-json\/wp\/v2\/media?parent=3442"}],"curies":[{"name":"wp","href":"https:\/\/api.w.org\/{rel}","templated":true}]}}

Efrén en el pino

<p class="has-text-align-center" id="block-6d91f81d-1560-4bab-9d5c-227c25685df5">Efrén se ha dormido, señores,<br>encima de un pino.<br>El pino es tan alto<br>que llega hasta el cielo:<br>el pino divino,<br>el séptimo pino,<br>el pino encendido<br>con rayos de sol.<br>¨¨¨¨¨¨<br>¡Qué miedo me entra!<br>¡A mí me da susto!<br>¿Qué te ha parecido?<br>¡Efrén en un pino!<br>¨¨¨¨¨¨<br>¡Ay!, Efrén tiene sueño.<br>¿Efrén tiene sueño?<br>Se duerme este niño<br>encima del pino.<br>¿Encima de un pino?<br>¡Encima de un pino!<br>¨¨¨¨¨¨<br>Si vienes del río<br>verás que en el pino<br>hay un niño metido.<br>¡Qué cositas tienen<br>el niño y el pino!</p>



<div class="wp-block-buttons is-content-justification-right is-layout-flex wp-container-core-buttons-is-layout-d445cf74 wp-block-buttons-is-layout-flex">
<div class="wp-block-button"><a class="wp-block-button__link wp-element-button" href="https://irmina.art/index.php/el-duende/" style="border-radius:100px">El duende</a></div>
</div>

<p>Efrén se ha dormido, señores,encima de un pino.El pino es tan altoque llega hasta el cielo:el pino divino,el séptimo pino,el pino encendidocon rayos de sol.¨¨¨¨¨¨¡Qué miedo me entra!¡A mí me da susto!¿Qué te ha parecido?¡Efrén en un pino!¨¨¨¨¨¨¡Ay!, Efrén tiene sueño.¿Efrén tiene sueño?Se duerme este niñoencima del pino.¿Encima de un pino?¡Encima de un pino!¨¨¨¨¨¨Si vienes [&hellip;]</p>
